 31
Let t = -7 - 31. Let p be 90/(-9)*(-51)/(-6). Let n = t - p. List the prime factors of n.
47
Suppose -2*d - 6*d - 344 = 0. Let o = -43 - d. What are the prime factors of ((0 - -2) + 13)*(o + 9)?
3, 5
Let j(t) = t**2 + 5*t - 63. Let u be j(6). Suppose 4*p + 512 = -2*d, -444 = 4*p + u*d + 70. Let a = 259 + p. What are the prime factors of a?
2, 3, 11
List the prime factors of (-60)/90 - (2 + 64005/(-9)).
7109
Let l(x) = -x**3 + 11*x**2 - 5*x + 9. Let y be l(10). Let b = y + -64. Let d(f) = -31*f + 50. List the prime factors of d(b).
5, 41
Let f(t) be the third derivative of -t**5/30 - 8*t**4/3 - 10*t**3/3 - 2*t**2 + 2*t. What are the prime factors of f(-30)?
2, 5
What are the prime factors of (-29569)/(11/(-99)*9)?
29569
Let t = -75 + 55. Let b = t - -28. What are the prime factors of (-1)/(-2) + 84/b?
11
Let g(n) = 53*n**2 - 27*n + 159. What are the prime factors of g(16)?
5, 2659
Let i(f) = 2*f**2 - 10*f + 10. Let a be i(4). Suppose 24 = 2*v + k + a, -k = -4. Suppose 0*m = -3*m - v, 3*m = -y + 101. List the prime factors of y.
2, 5, 11
List the prime factors of (-2)/(-9) - ((-886985489)/37791 + (-4)/(-114)).
7, 479
List the prime factors of (-28 + 18 + 26 - 18) + 3*19883.
7, 8521
Let x = -2253 + 13788. Let h(c) = 1 + x*c - 11535*c - c**2 - c**3. List the prime factors of h(-6).
181
Let l(i) = 3*i**3 + 9*i**2 - 15*i - 12. Let w be l(-8). Let o be w/30*15/(-6). Let n = o + 10. List the prime factors of n.
3
Let u be -14 + ((-2)/19 - 546/(-133)). What are the prime factors of (-13098)/u + (-18)/(-90)?
2, 5, 131
Suppose 2152 = 12*z - 824. Suppose -230 = -5*n + 2*s + z, 106 = n - 3*s. Let y = 158 - n. What are the prime factors of y?
2
Suppose 3*l = -9 + 24. Suppose -4*m + 384 = 6*i - i, -m + 71 = -l*i. What are the prime factors of m?
7, 13
Let u = 7255 + 4365. What are the prime factors of u?
2, 5, 7, 83
Let q(r) = -r**3 + 12*r**2 - 3*r + 19. Let d be q(12). Let o(s) = s**3 + 16*s**2 - 15*s + 9. Let k be o(d). Let h = k + 33. What are the prime factors of h?
2
Let a(q) = 27*q**2 + 7*q - 4. Suppose -5*n = -2*g - 28, 0 = 2*g - n + 12. List the prime factors of a(g).
2, 5
Let w = -11278 - -29247. What are the prime factors of w?
7, 17, 151
Let o = -1651 - -911. Let v = o - -1457. What are the prime factors of v?
3, 239
Let p = 159 - 230. Let l = p - -135. Suppose 0 = -3*n + 2*n + l. What are the prime factors of n?
2
Suppose -m + 3*m + 6*m = 0. Suppose -k + m*y + y = -405, -4*k - 4*y + 1580 = 0. List the prime factors of k.
2, 5
Suppose z + 1 = 4, 0 = y - 5*z - 22749. List the prime factors of y.
2, 3, 7, 271
Suppose 0 = 47*c - 524585 - 792637. List the prime factors of c.
2, 3, 173
What are the prime factors of 453650/70 + (-60)/35?
11, 19, 31
Let v = 819 + -812. Suppose -11531 = -v*m - 282. What are the prime factors of m?
1607
Suppose -2*b + 4*b - 1354 = -2*v, b - 2*v = 686. Suppose -4070 = -5*w + 5*k, -k + b = -2*w + 2307. List the prime factors of w.
3, 271
Let r(u) = -240*u - 4634. What are the prime factors of r(-37)?
2, 11, 193
Let q(z) = -5*z + 35. Let y be q(1). Suppose h = 99 - y. List the prime factors of h.
3, 23
Let h(k) = 81*k**2 - 369*k - 17. What are the prime factors of h(-12)?
5, 643
Let c(r) = -127*r + 1002. List the prime factors of c(-24).
2, 3, 5
Let c = -11443 + 22158. List the prime factors of c.
5, 2143
Let b = -42 + 63. Let c(h) be the second derivative of -h**4/12 + 10*h**3/3 + 20*h**2 + 44*h. What are the prime factors of c(b)?
19
Suppose 4*z = -3*d + 1069, z - 322 = -2*d - 56. Suppose -5*b + 3*x = -z, 3*b - 5*x - 151 = -3. Let t = 177 - b. What are the prime factors of t?
11
Let g be -1 + 1 - 40/(-5). Suppose 0 = -p - g*p + 549. What are the prime factors of p?
61
Suppose 2*y + 406 = 4*j, 3*y + 117 = j + 28. What are the prime factors of 24*13/j*(-191)/(-3)?
191
Let f = -2059 + 4264. List the prime factors of f.
3, 5, 7
Let x(j) be the third derivative of j**6/40 - 7*j**5/12 - 31*j**4/24 - 11*j**3/6 + 157*j**2. What are the prime factors of x(14)?
3, 103
Let p be 4/(-16) + 13/4. Suppose 3*j = 4*u - 8, p*u = -2*j + 8 + 15. Let r(w) = 56*w + 2. List the prime factors of r(j).
2, 113
Let m = 19271 + -11393. List the prime factors of m.
2, 3, 13, 101
Let y(f) = f**2 + 9*f - 11. Let u be y(-11). Let d(a) = -a**3 + 16*a**2 - 15*a - 25. List the prime factors of d(u).
5, 83
Suppose -3*y = -t - 0 - 4, -4*y + 4*t + 16 = 0. Suppose 13*g - 14*g + 6 = y. Let k(n) = 11*n - 31. What are the prime factors of k(g)?
5, 7
Let h(z) = -57*z**2 + 2*z + 8. Let b be h(-3). Let q = b - -1359. What are the prime factors of q?
2, 53
Suppose 1567 = 4*v + 5*x, x = -v + 5*x + 418. Let c = v - 243. List the prime factors of c.
5, 31
Let c(b) = 140*b**3 + 2*b**2 - 2. Let l be 2*(-3 - (7/2)/(-1)). Let v be c(l). Let y = v - 67. List the prime factors of y.
73
Let o(y) = y**2 + 29*y - 1143. What are the prime factors of o(-123)?
3, 23, 151
Let b(l) be the first derivative of l**4/4 - 2*l**3/3 + l**2 + 41*l + 48. Let h(r) be the first derivative of b(r). What are the prime factors of h(-6)?
2, 67
Suppose 6*a + 40 = -37 + 89. Let g = 1348 - 873. Suppose -472 = -6*x + 3*x + a*z, -3*x = z - g. List the prime factors of x.
2, 79
Let n = 22164 + -15292. List the prime factors of n.
2, 859
List the prime factors of (13 + -685)*(-34 - 9).
2, 3, 7, 43
Let f = 19799 + -10593. What are the prime factors of f?
2, 4603
Let y(d) = d**3 + 13*d**2 - 16*d - 12. Suppose 5 - 14 = -3*n, -5*t = 2*n + 114. Let h be 1/(-4) - (-330)/t. What are the prime factors of y(h)?
2
Let j(z) = z**2 + 16*z + 32. Let r be j(-12). List the prime factors of (5/(-4))/((r + 9)/1148).
5, 41
Suppose 2*o - 4 = 14. Suppose -t = -3*u + o, -t - 3*u = 2*t + 27. What are the prime factors of t/((-9)/38) + -1?
37
Let a(z) be the first derivative of -92*z**4 - z + 72. What are the prime factors of a(-1)?
367
Suppose 2*q = -5*p + 10, -27 = -5*p - 5*q - 2. Suppose -5*d - 5*z = -555, 3*d - 7*z + 5*z - 308 = p. List the prime factors of d.
2, 53
Let k(z) = 6*z**3 + 3*z**2 - 2*z + 17. Let t be k(5). Suppose 4*h - t = -g, -2*h - 3*h + 1040 = g. Let q = -139 + h. List the prime factors of q.
3, 23
Suppose 26292 = 41*k - 27*k. What are the prime factors of (k/30)/(5/50)?
2, 313
Suppose 0 = 4*l - 3*g - 36, 0 = 5*l + 2*g - 3*g - 34. Suppose -l*r + 2464 = -1160. What are the prime factors of r?
2, 151
Let a = 166 - 170. What are the prime factors of a/((-72)/3105) - (-3)/2?
2, 3, 29
Suppose -57871 = -3*g + 2*j + 21555, 3*j - 12 = 0. What are the prime factors of g?
2, 3, 1471
Let a = -17057 - -33889. What are the prime factors of a?
2, 263
Suppose 4*v = -4, -16 - 264 = -4*h + 4*v. Suppose h = p - 633. Suppose -p = -6*m - 0*m. What are the prime factors of m?
3, 13
Let j(v) = -11 + 12*v - 43*v - 87 - 13. List the prime factors of j(-28).
757
What are the prime factors of ((-130)/260 + (-1878)/20)*-250?
2, 5, 59
Let n = -57 + 58. Suppose -f = -5*x - n, -5*x - 2*f + 4 = 2. What are the prime factors of (1 - -22)*(2 + x)?
2, 23
Suppose -2*u - 1745 = 5*p, -2*u + 0 = 10. Suppose -a = 4*g + 733, -5*a = 3*g + 254 + 300. Let c = g - p. List the prime factors of c.
2, 41
Suppose -109*l + 107*l = 21936. List the prime factors of (2/(-4))/(((-276)/l)/(-23)).
457
Let t = -1 + 1. Let m(u) = -u**3 - 31*u**2 + 2. Let x be m(-31). Suppose 0 = -3*n - 5*z + x, t*n + n + 6 = -3*z. List the prime factors of n.
3
Suppose -2*k = 3 - 1, 4*o + 4*k - 1908 = 0. Suppose w - 3*w = -o. Suppose w + 867 = 7*b. What are the prime factors of b?
2, 79
Suppose 0 = -8*h - 3*h + 2*h. Suppose 473 - 2289 = -2*z + 5*p, h = -z + 3*p + 908. What are the prime factors of z?
2, 227
Let b(c) = 4*c + 100. Let u be b(-22). What are the prime factors of u/(-5)*(-1545)/6?
2, 3, 103
Let k(g) be the second derivative of 1/3*g**3 - 18*g + 6*g**2 + 0. List the prime factors of k(8).
2, 7
Let y(q) = 4*q - 39. Let z be y(11). Let h(g) = g**2 + 2*g - 5. Let i be h(-4). Suppose i*m - 472 = -z*m. What are the prime factors of m?
59
Let l be 40/10*((-14)/(-4) - 1). Suppose 9*f = l*f - 260. Let h = -185 + f. List the prime factors of h.
3, 5
Suppose -q + 5*q = -992. Let k be 3/2*627096/1836 - 4/(-6). Let j = q + k. What are the prime factors of j?
5, 53
Let z = -1940 - -1956. Let j(u) be the first derivative of -u**3/3 + 11*u**2 - 24*u - 2. What are the prime fac